 o(g) = g**2 - 8*g - 2. Let w be 2/(-7) + 437/(-161). Let q be (-6 - 17/(-3))/(w/63). Give o(q).
-9
Let w(b) = 4*b - 143. Suppose -81*n = -1923 - 1572 + 741. What is w(n)?
-7
Let i(k) = 6*k - 4 + 2*k**3 - k**3 + 4*k - 10*k**2 + 0*k**3. Let c be i(9). Let v(l) = -c*l - 2 + 2*l + 1 - l. Determine v(-6).
23
Let o(i) = i**2 + 4*i + 4. Let l be -6*(-4 + -1)/10. Let a(h) = -h**3 + 5*h**2 - 3*h - 6. Let x be a(l). Suppose 0 = -x*d + 5*d + 8. Calculate o(d).
4
Let m(k) = -k**3 + k**2 - 6*k + 1. Let q(w) = -5*w - 4919*w**3 + 4918*w**3 - 2*w. Let l(d) = -3*m(d) + 2*q(d). What is l(2)?
1
Let i(m) = -18*m - 26. Let x(b) = 10*b + 11. Let o(w) = 3*i(w) + 5*x(w). Calculate o(-12).
25
Let u(l) = 479*l**2 - 4*l + 484*l**2 + 36 + 481*l**2 + l**3 - 1455*l**2 + 11*l. What is u(10)?
6
Let g(n) = 10*n + 210113*n**2 - 1 - 210119*n**2 + 7*n - 2*n. Calculate g(3).
-10
Let s be ((-10)/(-20))/(3/30). Let m(o) = -o**3 + 6*o**2 - 2*o - 13. Calculate m(s).
2
Let m(d) = -20*d - 20. Let a be m(-1). Let j(h) be the third derivative of a*h - 5*h**2 + 1/12*h**4 - 1/6*h**3 + 0. What is j(-3)?
-7
Let g = -325 + 323. Let f(x) = 2*x**2 + 7*x + 5. Let v(n) = -6*n**2 - 22*n - 16. Let p(b) = g*v(b) - 7*f(b). What is p(-3)?
-6
Suppose 4*f + 6*f - 100 = 0. Let i = 10 - 8. Let o(s) = s - s**i + f - 15 - 3*s + 6. What is o(1)?
-2
Let j(o) = -o - 2. Suppose 3*k = -i + 3 + 7, 3*i = -5*k + 18. Suppose k*t = -12*t - 15. Calculate j(t).
-1
Let q(p) = 10*p + 108. Let u be q(-10). Let n(x) be the first derivative of x**4/4 - 7*x**3/3 - 7*x**2/2 - 6*x + 5. What is n(u)?
2
Let m(a) be the first derivative of 40 + 6*a + 1/2*a**2. Suppose -3*l - 13 = 5. Calculate m(l).
0
Let d = -1197 - -1198. Let k(n) = 38*n**3 - 2*n - 8. Let p(l) = 57*l**3 - 3*l - 11. Let b(v) = 7*k(v) - 5*p(v). Calculate b(d).
-19
Let i(d) be the first derivative of -d**5/60 - 7*d**4/24 + d**3/2 + 7*d**2/2 + 7*d + 36. Let r(y) be the second derivative of i(y). Give r(-7).
3
Let s(a) = 12*a**3 - 3 + a**2 + 2 + 0. Suppose -68*r - 65 = 75*r + 78. Determine s(r).
-12
Let j(k) be the second derivative of k**4/12 - 7*k**3/3 - 113*k**2/2 + 7773*k. Determine j(20).
7
Suppose 15 = 3*x - 0. Suppose x*l = -16 - 4. Let i(t) = t**3 + 3*t**2 - 3*t + 2. What is i(l)?
-2
Let k be 2 + 2 - 0 - 1*-1. Suppose j + k = -4*a, -8*j = -5*a - 7*j - 13. Let f(y) = y**3 - 2*y**2 + 2*y + 2. Determine f(a).
-18
Suppose 40*l - 35*l = -115. Let u = -27 - l. Let h be 165/22 - (-6)/u. Let y(b) = -b**3 + 6*b**2 + b - 5. What is y(h)?
1
Suppose a + 9 = -4*y + 2, -5*a - 2*y + 19 = 0. Suppose 5*d - 3*b - 1 = 0, 4*d - 4*b = -a + 1. Let c(l) = l + 1. Give c(d).
3
Let c(w) = 2*w + 5 - 7*w + 3*w + 3*w. Suppose 0 = 11*x - 25 - 63. Let d = -8 + x. Give c(d).
5
Let n(a) = -a**2 + 8*a + 1. Let g(f) = -f**2 + 6*f - 8. Let x(m) = -4*m - 16. Let s be x(-5). Let j be g(s). Suppose 2*l - 4 + 0 = j, -2*r + 10 = -l. Give n(r).
13
Suppose -320*d = -799 - 1441. Let w(g) = -2*g**2 + 2*g - 23. Calculate w(d).
-107
Let r = -33 - -67. Let c = r + -36. Let x(a) = a**2 - 3*a - 6. Let b be x(c). Let m(f) = -f**3 + 3*f**2 + f - 1. Determine m(b).
-13
Let b = -3 + 19. Let j(d) = -6*d - 4*d**2 - 18 + 8*d + 2*d + b + 2*d**3. Let q be (12/(-15))/((-2)/5). What is j(q)?
6
Let a(i) = -90 - 15 - 24*i**2 + 87 + i**3 + 24*i. What is a(23)?
5
Let h(l) = 9*l - 8*l - 2*l + 76 - 2*l. Determine h(24).
4
Let b = -54 + 55. Let q be (1 - 7)*b - (2 + -3). Let w(u) be the first derivative of -u**2/2 - 2*u + 3. Calculate w(q).
3
Let t be 3*(0 - 3 - (-7 - -3)). Let r(p) be the first derivative of -5 - 3*p + 1/3*p**3 - 3*p**2. Calculate r(t).
-12
Let o(y) = 5*y + 20. Suppose 65*f + 263 + 222 - 160 = 0. Calculate o(f).
-5
Let s(j) = 3*j**3 + 12*j**2 - 13. Suppose 41*o + 288 = -51*o - 80. What is s(o)?
-13
Let l(v) = -v**3 + 4*v**2 + v + 6. Let s(t) = 3*t**2 - t - 2. Let o(w) = -l(w) - s(w). Let f(d) = d**3 - 5*d**2 + 6*d - 65. Let p be f(6). Calculate o(p).
-4
Let k(i) = -7*i**2 + 124*i + 28. Let t(b) = -b**2 + 16*b + 1. Let c(j) = -k(j) + 4*t(j). What is c(20)?
-24
Let m = 1151 + -2206. Let j = m + 1057. Let q(z) = 7*z - 6. Let d(u) = -8*u + 5. Let k(p) = -4*d(p) - 3*q(p). Calculate k(j).
20
Let v(k) be the third derivative of 149*k**4/24 - 305*k**3/6 + k**2 + 642*k + 2. Calculate v(2).
-7
Let l(z) = z**2 + 3*z - 3. Let s = -132 - -153. Suppose 2*f - s*f = 0. Calculate l(f).
-3
Let o(t) = 4*t - 69. Suppose -2*q = -y + 31 - 3, 0 = 3*y + 8*q. Give o(y).
-5
Suppose 0 = v + 3*s - 6*s + 4, v + 2*s - 1 = 0. Suppose -31*q + 26*q = -75. Let c(x) = 28 - 9*x - 12 - q. Calculate c(v).
10
Suppose -v + 6 = 2*z, -v - 4*v = -z + 14. Suppose -8 = -z*m - 24. Let b be (-4)/16 - (-19)/m. Let c(a) = a**3 + 5*a**2 + a + 6. Determine c(b).
1
Let o(s) be the second derivative of 2*s**3/3 - 10*s**2 + 22856*s. Let c be (-12)/30 - (-37)/5. Give o(c).
8
Let q(r) = -10*r**3 + 2*r**2 + r - 2. Suppose 1357*t + 39 = 1396*t. Give q(t).
-9
Let f(u) be the third derivative of 1/8*u**4 + 0 + 94*u**2 + 0*u + 4/3*u**3 - 1/60*u**5. Calculate f(4).
4
Let d(j) be the third derivative of j**5/20 - j**4/12 + 2*j**3/3 - 97*j**2. Calculate d(-2).
20
Let v(u) be the third derivative of u**4/8 - 7*u**3/6 - 8*u**2. Suppose 0 = -13*a + 3 + 10. Suppose -3*y = -14 - a. Determine v(y).
8
Suppose -3*m + 5*j = -8*m, 0 = 3*m + 2*j. Let q(z) = -9 + 0*z + 6*z + m*z + 2*z. Let l(a) = -7*a + 9. Let x(o) = -6*l(o) - 5*q(o). What is x(6)?
3
Let w(a) = 1 - 3 + 8*a - 4 + a**2. Let y be ((-100)/(-20))/((-10)/(-4)). Suppose 2*q = 4, y*x + 3*x + 41 = 3*q. What is w(x)?
-13
Let y(i) = 261*i - 4420. Let u be y(17). Let l(t) = 4*t**2 - 63*t - 71. Calculate l(u).
14
Let u(k) be the third derivative of 1/6*k**4 + 0*k - 2/3*k**3 + 1/60*k**5 - 3 + 9*k**2. Calculate u(-4).
-4
Suppose -3*y = 5*w - 80, 4*w + 0*y = -3*y + 67. Let p(g) = -g + 20. Calculate p(w).
7
Suppose 3*b + b + 4*d + 44 = 0, 0 = -3*b + d - 13. Let n(x) be the second derivative of -x**3/3 - 3*x**2 + 10344*x. Give n(b).
6
Suppose -q + 3*j = -24, -60 = -3*q + 5*j + 2*j. Let y(b) = -b + 25. Let w(t) = -2*t + 38. Let h(x) = -5*w(x) + 7*y(x). Determine h(q).
3
Let y(a) = 77 - 1027*a**2 - a + 1021*a**2 - 78 + 0*a + 2*a**3. What is y(3)?
-4
Let t(y) = -y. Let v be t(3). Let w(j) be the third derivative of 1/60*j**5 + 1/3*j**3 + 0 + 1/12*j**4 - 118*j**2 + 0*j. Calculate w(v).
5
Let s(a) = -a**2 + a. Let c = -194 - -198. Let y(b) = -3*b**2 - 7*b - 5. Let d(t) = c*s(t) - y(t). What is d(6)?
35
Suppose 5*k - g = 41, -2*g = -2*k - 6*g + 34. Let d(r) = 2940*r - 8*r**2 - 5*r**2 - 2941*r - k*r**2. Give d(1).
-23
Let r(a) = 8 - 16 + 2 - 4*a. Let j be 4/22 - 280/88. Let x(s) = 4*s + 6. Let m be x(j). Determine r(m).
18
Let t(i) = -i**3 + 3*i**2 + 4*i - 9. Let a(r) = r**3 + 4*r**2 + 2*r + 12. Suppose -4*b - 5*l = 16, -13*b + l = -14*b - 4. Let o be a(b). Determine t(o).
-9
Suppose -6*q - 39*q = -450. Let r(g) be the second derivative of -4*g**2 + 1/6*g**3 + 0 - q*g. Calculate r(7).
-1
Let o(m) = -5*m**3 + 13*m**2 - 24*m - 9. Let f(v) = -18*v**3 + 51*v**2 - 88*v - 38. Let t(l) = 3*f(l) - 11*o(l). Calculate t(-10).
-15
Let i(h) = -h**3 - 9*h**2 - 9*h - 13. Let p = -5854 - -5845. Give i(p).
68
Let p(w) = -9*w - 5. Let y(r) = -4*r - 2. Let u(b) = -6*p(b) + 13*y(b). Let g(o) = -87*o - 527. Let l be (3 + (23 - 5))/3 + -13. Let m be g(l). Calculate u(m).
-6
Let h = -4 - -7. Let m(x) = -2 - 2 - h*x + 3 - x**2. Let w be (190/(-25) - -7)*(4 - -6). What is m(w)?
-19
Suppose -22454 = -32*p - 726. Let r = -683 + p. Let i(u) = 0*u + u**2 + 2*u + 1 + 0. Determine i(r).
9
Let c(g) = g**3 - 38*g**2 - 39*g - 5. Suppose 18*f = 66 + 636. Let b be c(f). Let a(x) = x**2 + 2 - 3*x - 2*x**2 + 5. Give a(b).
-3
Suppose 0 = w - 2*w + 3. Let j be w + (-4)/(3 + -4). Suppose 2*u = -3 + j. Let y(o) = 6*o + 2. What is y(u)?
14
Suppose -9*q = 14*q - 17*q + 24. Let c(m) = 39*m + 44. Give c(q).
-112
Let k be (48/7)/3 - (-24)/(-84). Let a(l) = 3 + 2*l**2 - 5*l**2 + 6*l**k + l - 2*l**2. Calculate a(-3).
9
Let j(t) be the first derivative of -t**4 + 22*t**3/3 - 15*t**2/2 + 26*t + 3538. What is j(5)?
1
Let t(c) = -c**3 - 2*c**2 - c - 6. Suppose 658*n + 54 = 640*n. Determine t(n).
6
Let k be -3 - (1 - (-2 - -3)). Let u(r) = 9*r + 7. Let p(i) = 1. Let q(y) = 3*p(y) - u(y). Give q(k).
23
Let j(z) be the first derivative of z**4/4 - 5*z**3/3 + z**2/2 - z - 2. Suppose -1 = 2